 0*a + a - 5 = 0. Determine m(a).
6
Let h(j) be the first derivative of j**2 - 4*j - 2. Let k(y) = -3*y - 4. Let i be k(-3). Calculate h(i).
6
Let x(d) = -d + 13. Let g be x(10). Let j(n) = -n**3 + n**2 - g + n - 2*n + 5*n. Determine j(2).
1
Let r(x) = 1 + 4*x**2 - 2*x**2 - x**2 - 5*x. Suppose -2*b = 2*g - g, 3*b - 18 = 3*g. Suppose 4*l - 10 = b*v, v + 10 = 2*l + l. Give r(v).
1
Let m(y) = -y**2 - 2*y + 4. Let i(t) = 2*t**2 - t. Suppose -4*a = -5*o + 12, -a + 2*o + 1 = 7. Let g be i(a). Let f be (-8)/g*(3 - 0). Determine m(f).
-4
Let v be -1 - (-1 + -1 + 3). Let t = v + 6. Let k(c) = c - 3. What is k(t)?
1
Let i(q) be the first derivative of q**2 - 5*q + 1. Let g be 17/5 - 4/10. Suppose 5*d + 3*z = 35, g*d + 4*z - z = 27. Determine i(d).
3
Let u = 4 + -1. Let j = -17 + 25. Suppose 2 = -u*b + j. Let a(n) = -4*n + 3. What is a(b)?
-5
Let p = 21 + -14. Let j be (5 - 1) + (5 - p). Let n(o) = 7 - j*o - 6*o + 9*o. Determine n(0).
7
Let h(m) be the first derivative of -m**4/4 + 2*m**3/3 - 2*m - 1. Calculate h(2).
-2
Suppose 5*z - 11 = -4*p, -5*p - 11 = -0*z - 2*z. Suppose -3*n + 0*n - 12 = 3*c, -n - 14 = z*c. Let g(w) = -w - 5. Give g(c).
0
Let n(w) = 25*w**3 + 2*w**2 + 2*w + 1. Let b be 4*(-1 - 2/((-24)/9)). Determine n(b).
-24
Let g(f) = -3*f + 3. Let r(k) = k**2 + 4*k - 2. Let l be (1 - 2)*(0 - -5). Let n be r(l). Determine g(n).
-6
Let z(b) be the third derivative of b**7/840 - b**6/72 + b**5/24 + b**4/8 + 4*b**3/3 + 5*b**2. Let s(r) be the first derivative of z(r). What is s(4)?
7
Let l = -2 + 2. Let s(j) = -4*j + 2*j - 2 + l*j. Suppose 0 = -u + w - 8, -w + 11 = -2*u. Calculate s(u).
4
Let n(j) = 3*j - 1. Let b(c) = 3*c**3 - 7*c**2 + c. Let p(i) = -2*i**3 + 5*i**2 - i. Let k(m) = -5*b(m) - 8*p(m). Let x be k(4). Let a = x + 6. Give n(a).
5
Let n = -2/195 + 199/390. Let v(q) be the second derivative of 1/3*q**3 - 2*q - n*q**2 + 0. Determine v(-1).
-3
Suppose -25 = -26*o + 21*o. Let k(w) = -2*w**3 + 10*w**2 - 6*w + 12. Let t(y) = y**3 - 5*y**2 + 3*y - 6. Let j(i) = -4*k(i) - 9*t(i). Determine j(o).
-9
Let o(x) = 7*x**2 - 9. Let m(t) = -4*t**2 + 4. Let h(j) = -7*m(j) - 3*o(j). Let g be (-2)/(-4) + (-3)/(-6). What is h(g)?
6
Suppose 0 = 2*d - 7*d + 20. Let g be 1/((2/(-34))/(-1)). Let v(j) = -14*j**2 + 2*j + 17. Let y(k) = 5*k**2 - k - 6. Let w(h) = g*y(h) + 6*v(h). Calculate w(d).
-4
Suppose -2*z + 5*a - 21 = 20, -3*z + 5*a - 54 = 0. Let h(l) = -l**2 + 4*l + 1. Let q(d) = -2*d**2 + 9*d + 1. Let p(n) = z*h(n) + 6*q(n). Determine p(-5).
8
Suppose 0 + 6 = 3*g. Let z(i) = g - 2*i - 1 - 2. Let f be (-4)/10*5*1. Calculate z(f).
3
Let g be (-1)/(((-6)/21)/2). Let t(o) = 3*o + 3*o - 5 - g*o. Let s = 19 + -19. Give t(s).
-5
Let r(u) = 5*u**3 + 5*u**2 + 3*u. Let q(o) = -4*o**3 - 5*o**2 - 2*o. Suppose 0 = -3*k - 21 + 3. Let i(z) = k*q(z) - 5*r(z). Determine i(4).
4
Let d be 8/(5 - (-9)/(-3)). Let x(n) be the third derivative of n**4/24 - 5*n**3/6 - n**2. Give x(d).
-1
Let p(f) = -f**3 - 3*f**2 + 4*f + 1. Suppose 0 = -3*u - 9 - 3. Give p(u).
1
Let y(c) = c**3 - 4*c**2 + 3*c + 3. Let x be y(3). Let z(p) = -p**2 + 3*p - 1. What is z(x)?
-1
Let l(b) = -b - 8. Suppose 0 = 139*p - 143*p - 36. Calculate l(p).
1
Suppose 3 = 11*f - 96. Let x(l) = 2*l - 3. Give x(f).
15
Let o(q) = q**3 - 5*q**2 - 2*q + 5. Let c be (6 + -2)/(2/(-4)). Let w be (-36)/c + 1/2. What is o(w)?
-5
Let i(o) be the second derivative of -o**6/720 + o**4/12 - o. Let j(q) be the third derivative of i(q). Determine j(-4).
4
Suppose -o + 5*w = 24, 3 = 5*o + 3*w + 11. Let b(l) = -l**2 - 3*l + 1. What is b(o)?
-3
Let u(v) = -3*v + 6. Let r be u(6). Let f be ((-56)/5)/(5/25). Let q be f/r + 1/3. Let c(y) = y. Calculate c(q).
5
Let z(c) = c**3 + 6*c**2 + 4*c - 6. Let d be 1/2*(-20)/(-8)*-4. Determine z(d).
-1
Let c be 4/(-2) + 0 + 2. Suppose -3*o - 5*d - 25 = c, o - 5*o = -2*d + 16. Let w(y) = -y**2 - 7*y - 7. Give w(o).
3
Let b(u) be the third derivative of 5/24*u**4 + 0*u - u**2 - 5/6*u**3 + 0 + 1/60*u**5. Let s be ((-20)/(-12))/(2/(-6)). What is b(s)?
-5
Suppose 5*i + 0*i = -5*t - 35, -3*i + 2*t - 11 = 0. Let y = 4 + i. Let h(d) = 6*d. Let a(m) = m. Let n(z) = -28*a(z) + 4*h(z). Give n(y).
4
Let m = 6 - 3. Suppose 2*d = m*u - 11 - 0, -23 = d - 5*u. Let v(k) = -7*k**2 - 6 - 6*k + 4*k**2 + 2*k**d. Calculate v(-4).
2
Let j(q) = -5*q + 1. Let w(a) = -14*a + 3. Let k(r) = 8*j(r) - 3*w(r). Let b be (-4)/24*(-1 - 5). What is k(b)?
1
Let c(r) = -2*r. Let h be c(-3). Let q(i) be the second derivative of -i**3/6 + i**2 - 32*i. What is q(h)?
-4
Suppose -4*z + 2 = -4*n - n, -8 = -n + 5*z. Let m be (-1 - 1)/(n/1). Let r(x) = 0*x**3 - 3 - x + m + x**3. Give r(2).
4
Let x(o) = o**2 - 4*o - 1. Let g be x(5). Let t(b) = 2*b - 2. Determine t(g).
6
Suppose -p - 2*g - 2 = 0, -p + 3*g + 3 = -3*p. Let z = 6 + p. Let o(h) = -1 + h**3 + z*h**2 - 4 - h**2. What is o(-5)?
-5
Let h = -5 + 5. Suppose 2*f + 6 = -w, -2*w + 0*f - f = h. Let q(n) = -7 + 3 - w*n + n. What is q(3)?
-7
Suppose l = -2*i - 2, l = i - 5*i. Let f = i - 1. Let v(r) = r + 5. Determine v(f).
5
Let h = -1 + 5. Let k be -1*(0 + h + 1). Let v = k + 5. Let n(f) = -f**2 - f. Give n(v).
0
Let b(z) = z**2 + z - 4. Let r(u) = 2*u**3 + u. Let q be r(1). Suppose 4*i - i = -4*f + 20, q*i = f - 5. What is b(i)?
-4
Let c(y) be the third derivative of -y**5/60 - y**4/8 - y**3 + y**2. Let d(w) = -w - 2. Let z be d(-5). Let l = -7 + z. Give c(l).
-10
Let y(t) = t**3 - 3*t**2 - 4*t + 3. Suppose 0 = 16*q - 15*q - 3. Give y(q).
-9
Let v(s) = -s**3 - 4*s**2 + 2. Let b(l) = -l**2 + l - 1. Let g be b(1). Let f be (-2)/g + 8/(-2). What is v(f)?
-6
Let m(g) = 7*g**3 - 3*g**2 + 10*g + 6. Let q(n) = -3*n**3 + n**2 - 5*n - 3. Let r(s) = 4*m(s) + 9*q(s). Determine r(4).
-7
Let k(x) be the first derivative of x**2/2 - 8*x - 7. Let h(g) = g**2 - g. Let p be h(3). Let m be k(p). Let c(f) = -f**3 + f**2 + 3*f + 1. What is c(m)?
7
Suppose 2*v - 38 + 4 = 0. Let w = -10 + v. Suppose m = -t - 2*t + 2, -2*m = -5*t + w. Let p(r) = -r - 1. Calculate p(m).
0
Let a = -10 + 23. Let h = -10 + a. Let d(s) = -s**2 + s. Determine d(h).
-6
Let j(s) be the third derivative of -s**4/12 + s**3/2 - 3*s**2. Suppose 0 = 2*i - 2*x - 10, -x - 25 = -6*i + i. Calculate j(i).
-7
Suppose -3*q = c - 18, -c + q = 2*c - 14. Let a(l) = -l - 4. What is a(c)?
-10
Let u(c) = -c + 1. Let f be u(-4). Suppose 5*s = -4*z - 46 + 1, -45 = f*z + 4*s. Let i(m) = -m + 5. Give i(z).
10
Let h(n) = -4*n**2 - 3*n + 4. Let u(j) = -j**2 + j - 1. Let m(v) = -7*v**2 + 5*v - 5. Let b(o) = m(o) - 6*u(o). Let y(s) = -5*b(s) + h(s). Determine y(-2).
-1
Let g(d) = -d**2 - d + 1. Let x(c) = -4*c. Let n(s) = g(s) - x(s). Calculate n(-2).
-9
Suppose 2*j - 12 = -4*o, 4*o + j - 14 = -2*j. Let r(s) be the second derivative of -s**5/10 + s**4/6 + s**3/3 - 3*s**2/2 - 2*s. Calculate r(o).
-7
Let v(b) = -4*b + 8. Let d be v(2). Let x(s) = -6 + 0*s - s + 0*s. Determine x(d).
-6
Let h(x) = x**3 + x**2 + x + 3. Let d = -18 + 18. Let f be h(d). Let v(o) = o**3 - 3*o**2 - 2*o - 4. Determine v(f).
-10
Let g(i) be the third derivative of -i**7/840 - i**6/90 + i**5/24 - 5*i**4/24 - i**3/6 + 3*i**2. Let c(d) be the first derivative of g(d). Determine c(-5).
-5
Let m(u) = -4*u - 7 + 4*u**2 - 2*u + 13 + 0*u - u**3. What is m(4)?
-18
Let p(x) = -35*x**2 + 14*x - 14. Let c(y) = -12*y**2 + 5*y - 5. Let n(q) = 11*c(q) - 4*p(q). Suppose 0 = -2*v + 2 - 0. What is n(v)?
8
Let o(v) = -3*v + 4*v**2 + 2*v + 5 - 2 - v**3 + 2*v**3. Let b = -13 - -9. What is o(b)?
7
Suppose 0*x + x = t - 5, -t - 2 = 0. Let p = x - -4. Let c(d) = -d**3 - 3*d**2 + d - 2. Determine c(p).
-5
Suppose 2*o = 4*n - 14, -2*n = -5*o - 0*o + 5. Let a(s) = 2*s**2 + 1. Give a(o).
19
Let x(o) = o**3 - 6*o**2 + 4. Suppose 0 = -l + 4*i + 25, -3*i + 23 = 4*l - 1. Let m = 15 - l. Determine x(m).
4
Let m(t) = -3*t**2 + t + 1. Let g be ((-1)/(-1))/(1 - 0). Let i be (1 - 1)/(5 + -4). Suppose i = -2*l - g - 1. Calculate m(l).
-3
Suppose 0 = -0*k - 2*k + 8. Suppose k*r = -r - 10, -2*i - 4 = -r. Let z(a) = a**2 + 2*a + 4. Calculate z(i).
7
Let b(u) be the second derivative of -1/12*u**4 + 0 - 1/2*u**2 + 0*u**3 - u. What is b(-2)?
-5
Let o = -21 + 15. Let w = 4 + o. Let m(b) = 2*b**3 + 3*b**2 + b + 1. Calculate m(w).
-5
Let p(h) be the third derivative of h**8/6720 + h**7/504 - h**6/144 + h**5/30 + h**4/12 + 3*h**2